{"id":744,"date":"2025-11-03T22:20:25","date_gmt":"2025-11-03T19:20:25","guid":{"rendered":"https:\/\/history.u-klubi.com\/tiitlivoistlused\/?page_id=744"},"modified":"2025-11-04T10:48:55","modified_gmt":"2025-11-04T07:48:55","slug":"2024-mastersite-em-tulemused","status":"publish","type":"page","link":"https:\/\/history.u-klubi.com\/tiitlivoistlused\/index.php\/maailma-ja-euroopa-meistrivoistlused\/2024-mastersite-em-tulemused\/","title":{"rendered":"2024 mastersite EM tulemused"},"content":{"rendered":"\n<p class=\"\">26. juuni kuni 3. juuli 2024 toimus mastersite pikaraja Euroopa meistriv\u00f5istlused Belgradis, Serbias. <\/p>\n\n\n\n<p class=\"\">U-klubist olid kohal Sirje, Tiia, Kaia, Merle ja Kristiina, ning meestest olid seekord v\u00f5istlemas Eino, Robert, Aksel, Arne, Lembit, Peep, Ossi, Aleksandr, Artur ja Aleks. <\/p>\n\n\n\n<p class=\"\">Medalisaak oli seekord muljetavaldav ja kindlasti oli selles &#8220;oma s\u00fc\u00fc&#8221; ka vanuseklassides olevates v\u00e4hestes osalejates, kuid &#8220;v\u00f5itjate \u00fcle kohut ei m\u00f5isteta&#8221;. &#8211; 21 individuaalset medalit ja 4 teateujumise medalit. Lisaks Rinati uskumatu sooritus mitte ainult ei kindlustanud talle kahel alal kuldmedalit, vaid s\u00f6\u00f6vitas tema nime ajalukku ka kahe h\u00e4mmastava <a href=\"http:\/\/chrome-extension:\/\/efaidnbmnnnibpcajpcglclefindmkaj\/https:\/\/mastersbelgrade2024.microplustimingservices.com\/assets\/export\/belgrade\/NU\/pdf\/BrokenRecords.pdf\" target=\"_blank\" rel=\"noreferrer noopener\">meistriv\u00f5istluste rekordiga<\/a>!<\/p>\n\n\n\n<p class=\"\"><strong>MEDALID<\/strong><br><strong>NAISED<\/strong><\/p>\n\n\n\n<p class=\"\"><strong>Kaia Kulla <\/strong>(60-64)<br>50 rin  &#8211; 42,15 (<strong>2. koht<\/strong> \/ 13 osav\u00f5tjat)<br>100 rin &#8211; 1.34,73 (<strong>2. koht<\/strong> \/ 13 osav\u00f5tjat)<br>200 rin &#8211; 3.28,60 (<strong>3. koht<\/strong> \/ 12 osav\u00f5tjat)<\/p>\n\n\n\n<p class=\"\"><strong>MEHED<\/strong><br><strong>Rinat Giljazov<\/strong> (65-69)<br>400 ko &#8211; 6.06,22 (<strong>1. koht<\/strong> \/ 1 osav\u00f5tja)<mark style=\"background-color:rgba(0, 0, 0, 0)\" class=\"has-inline-color has-bright-red-color\"><strong>meistriv\u00f5istluste rekord<\/strong>!<\/mark><br>200 libl &#8211; 2.50,32 (<strong>1. koht<\/strong> \/ 4 osav\u00f5tjat)<mark style=\"background-color:rgba(0, 0, 0, 0)\" class=\"has-inline-color has-bright-red-color\"><strong>meistriv\u00f5istluste rekord<\/strong>!<\/mark><br>100 libl &#8211; 1.13,56 (<strong>1. koht<\/strong> \/ 5 osav\u00f5tjat)<br>800 vab  &#8211; 10.38,67 (<strong>2. koht<\/strong> \/ 6 osav\u00f5tjat)<br>400 vab &#8211; 5.11,82 (<strong>2. koht<\/strong> \/ 11 osav\u00f5tjat)<\/p>\n\n\n\n<div class=\"wp-block-group is-layout-grid wp-container-core-group-is-layout-bacfd918 wp-block-group-is-layout-grid\">\n<p class=\"\"><strong>Eino Kirss<\/strong> (85-89)<br>50 vab &#8211; 49,43 (<strong>2. koht<\/strong> \/ 3 osav\u00f5tjat)<\/p>\n\n\n\n<p class=\"\"><strong>Peep Kesk\u00fcla<\/strong> (70-74)<br>100 libl &#8211; 1.28,18 (<strong>1. koht<\/strong> \/ 2 osav\u00f5tjat)<br>50 libl  -34,31 (<strong>1. koht<\/strong> \/ 6 osav\u00f5tjat)<br>50 sel &#8211; 39,74 (<strong>3. koht<\/strong> \/ 8 osav\u00f5tjat)<br>200 rin &#8211; 3.26,22 (<strong>3. koht<\/strong> \/ 9 osav\u00f5tjat)<br>100 sel &#8211; 1.32,18 (<strong>3. koht<\/strong> \/ 3 osav\u00f5tjat)<\/p>\n\n\n\n<p class=\"\"><strong>Aleksandr Bati\u0161t\u0161ev<\/strong> (70-74)<br>50 rin &#8211; 39,70 (<strong>2. koht<\/strong> \/ 12 osav\u00f5tjat)<br>100 rin &#8211; 1.31,22 (<strong>2. koht<\/strong> \/ 10 osav\u00f5tjat)<br>200 rin &#8211; 3.25,13 (<strong>2. koht<\/strong> \/ 9 osav\u00f5tjat)<\/p>\n\n\n\n<p class=\"\"><strong>Lembit Laht (<\/strong>70-74)<br>100 libl &#8211; 1.56,96 (<strong>2. koht<\/strong> \/ 3 osav\u00f5tjat)<br>200 ko &#8211; 3.34,28 (<strong>2. koht<\/strong> \/ 4 osav\u00f5tjat)<br>400 ko &#8211; 7.54,12 (<strong>3. koht<\/strong> \/ 3 osav\u00f5tjat)<br>200 rin &#8211; DNS<br>200 libl &#8211; DNS<\/p>\n\n\n\n<p class=\"\"><strong>Arne Kaleviste<\/strong> (75-79)<br>100 sel &#8211; 1.41,45 (<strong>3. koht<\/strong> \/ 4 osav\u00f5tjat)<\/p>\n<\/div>\n\n\n\n<p class=\"\"><strong>TEATEUJUMINE<\/strong><\/p>\n\n\n\n<p class=\"\"><strong><a href=\"https:\/\/mastersbelgrade2024.microplustimingservices.com\/#\/swimming-summary-json\/1\/NU\/MAS\/118\/007\/001\" target=\"_blank\" rel=\"noreferrer noopener\">4&#215;50 kombineeritud<\/a><\/strong>, <strong>mehed<\/strong><\/p>\n\n\n\n<div class=\"wp-block-group is-nowrap is-layout-flex wp-container-core-group-is-layout-ad2f72ca wp-block-group-is-layout-flex\">\n<p class=\"\"><strong>(280-319) <\/strong>&#8211; 2.27,97 (<strong>1. koht<\/strong> \/ 2 meeskonda)<br>Arne Kaleviste 44,14<br>Aleksandr Bati\u0161t\u0161ev 40,12<br>Artur Tikkerb\u00e4r 32,889<br>PeepKesk\u00fcla 30,82<\/p>\n\n\n\n<p class=\"\"><strong> (320-359)<\/strong> &#8211; 3.29,28 (<strong>2. koht<\/strong> \/ 2 meeskonda)<br>Robert Mets 1.09,01<br>Aksel Luige 45,29<br>Lembit Laht 46,21<br>Eino Kirss 48,77<\/p>\n<\/div>\n\n\n\n<p class=\"\"><\/p>\n\n\n\n<p class=\"\"><strong><a href=\"https:\/\/mastersbelgrade2024.microplustimingservices.com\/#\/swimming-summary-json\/1\/NU\/MAS\/117\/007\/001\" target=\"_blank\" rel=\"noreferrer noopener\">4&#215;50 vabalt<\/a>, mehed<\/strong><\/p>\n\n\n\n<div class=\"wp-block-group is-layout-grid wp-container-core-group-is-layout-da470f35 wp-block-group-is-layout-grid\">\n<p class=\"wp-container-content-98e6c26e\"><strong>(280-319)<\/strong> &#8211; 2.10,81 (<strong>1. koht<\/strong> \/ 2 meeskonda)<br>Kesk\u00fcla 31,97<br>Kaleviste 36,16<br>Bati\u0161t\u0161ev 33,04<br>Tikkerb\u00e4r 29,64<\/p>\n\n\n\n<p class=\"\"><strong>(320-359)<\/strong> &#8211; 3.08,71 (<strong>2. koht<\/strong> \/ 2 meeskonda)<br>Aksel Luige 42,10<br>Robert Mets 1.00,68<br>Eino Kirss 49,73<br>Lembit Laht 36,20<\/p>\n<\/div>\n\n\n\n<p class=\"\"><\/p>\n\n\n\n<p class=\"\"><strong>TULEMUSED<\/strong><br><strong>NAISED<\/strong><\/p>\n\n\n\n<div class=\"wp-block-group is-layout-grid wp-container-core-group-is-layout-baef362d wp-block-group-is-layout-grid\">\n<div class=\"wp-block-group wp-container-content-5e2576f9 is-horizontal is-layout-flex wp-block-group-is-layout-flex\">\n<p class=\"\"><strong>Sirje Voolmaa<\/strong> (70-74)<br>100 rin &#8211; 2.01,45 (5. koht \/ 10 osalejat)<br>200 rin &#8211; 4.18,41 (5. koht \/ 9 osalejat)<br>50 rin &#8211; 54,80 (6. koht \/ 8 osalejat)<br>400 vab &#8211; 8.18,12 (6. koht \/ 6 osalejat)<\/p>\n\n\n\n<p class=\"\"><strong>Tiia Brakmann<\/strong> (65-69)<br>100 sel 1.45,58 (4. koht \/ 7 osalejat)<br>50 sel49,09 (6. koht \/ 11 osalejat)<br>200 sel 3.52,61 (6. koht \/ 6 osalejat)<\/p>\n\n\n\n<p class=\"\"><\/p>\n<\/div>\n\n\n\n<div class=\"wp-block-group wp-container-content-5e2576f9 is-horizontal is-layout-flex wp-block-group-is-layout-flex\">\n<p class=\"\"><strong>Merle Vantsi<\/strong> (55-59)<br>200 libl &#8211; 3.27,78 (4. koht \/ 5 osalejat)<br>400 ko &#8211; 6.36,38 (4. koht \/ 9 osalejat)<br>200 ko &#8211; 3.10,24 (7. koht \/ 10 osalejat)<br>200 sel &#8211; 3.03,97 (8. koht \/ 14 osalejat)<\/p>\n\n\n\n<p class=\"\"><strong>Kristiina Arusoo<\/strong> (45-49)<br>200 libl &#8211; 3.13,81 (6. koht \/ 7 osalejat)<br>100 libl &#8211; 1.21,31 (6. koht \/ 7 osalejat)<br>50 libl &#8211; 34,49 (9. koht \/ 16 osalejat)<\/p>\n\n\n\n<p class=\"\"><\/p>\n<\/div>\n<\/div>\n\n\n\n<p class=\"\"><\/p>\n\n\n\n<p class=\"\"><strong>MEHED<\/strong><\/p>\n\n\n\n<div class=\"wp-block-group is-layout-grid wp-container-core-group-is-layout-bacfd918 wp-block-group-is-layout-grid\">\n<p class=\"\"><strong>Arne Kaleviste<\/strong> (75-79)<br>200 sel &#8211; 3.39,13 (4. koht \/ 6 osalejat)<br>50 sel &#8211; 44,66 (5. koht \/ 7 osalejat)<\/p>\n\n\n\n<p class=\"\"><strong>Aksel Luige<\/strong> (75-79)<br>50 rin &#8211; 45,83 (6. koht \/ 10 osalejat)<\/p>\n\n\n\n<p class=\"\"><strong>Ossi Vallemaa<\/strong> (70-74)<br>200 rin &#8211; 3.47,57 (6. koht \/ 9 osalejat)<br>100 rin &#8211; 1.42,41 (7. koht \/ 10 osalejat)<br>50 vab &#8211; 35,41 (8. koht \/ 13 osalejat)<br>50 rin &#8211; DSQ<\/p>\n\n\n\n<p class=\"\"><strong>Artur Tikkerb\u00e4r<\/strong> (60-64)<br>50 libl &#8211; 32,32 (6. koht \/ 15 osalejat)<br>50 vab &#8211; 30,04 (8. koht \/ 24 osalejat)<\/p>\n\n\n\n<p class=\"\"><strong>Aleks Kivinuk<\/strong> (60-64)<br>200 rin &#8211; 3.57,42 (10. koht \/ 12 osalejat)<br>100 rin &#8211; 1.43,88 (17. koht \/ 17 osalejat)<br>50 rin &#8211; 46,47 (20. koht \/ 21 osalejat)<\/p>\n\n\n\n<p class=\"\"><strong>Mets Robert<\/strong> (80-84)<br>50 sel &#8211; DNS<br>50 vab &#8211; DNS<\/p>\n<\/div>\n\n\n\n<p class=\"\"><\/p>\n\n\n\n<p class=\"\"><\/p>\n\n\n\n<p class=\"\">K\u00f5ik <a href=\"https:\/\/mastersbelgrade2024.microplustimingservices.com\/assets\/export\/belgrade\/NU\/pdf\/SWM_ResultsBook.pdf\" target=\"_blank\" rel=\"noreferrer noopener\">tulemused<\/a>, <a href=\"https:\/\/mastersbelgrade2024.microplustimingservices.com\/#\/schedule-bydate-json\/1\/*\" target=\"_blank\" rel=\"noreferrer noopener\">p\u00e4evade kaupa<\/a><\/p>\n\n\n\n<p class=\"\">V\u00f5istlustest <a href=\"https:\/\/www.youtube.com\/playlist?list=PL6nb0U2ydhO6F86RgbqFbumD0NOO0O3DI\" target=\"_blank\" rel=\"noreferrer noopener\">\u00fclekannete salvestused<\/a><\/p>\n","protected":false},"excerpt":{"rendered":"<p>26. juuni kuni 3. juuli 2024 toimus mastersite pikaraja Euroopa meistriv\u00f5istlused Belgradis, Serbias. U-klubist olid kohal Sirje, Tiia, Kaia, Merle ja Kristiina, ning meestest olid seekord v\u00f5istlemas Eino, Robert, Aksel, Arne, Lembit, Peep, Ossi, Aleksandr, Artur ja Aleks. Medalisaak oli seekord muljetavaldav ja kindlasti oli selles &#8220;oma s\u00fc\u00fc&#8221; ka vanuseklassides olevates v\u00e4hestes osalejates, kuid &#8220;v\u00f5itjate &hellip; <a href=\"https:\/\/history.u-klubi.com\/tiitlivoistlused\/index.php\/maailma-ja-euroopa-meistrivoistlused\/2024-mastersite-em-tulemused\/\" class=\"more-link\">Loe edasi<span class=\"screen-reader-text\"> &#8220;2024 mastersite EM tulemused&#8221;<\/span><\/a><\/p>\n","protected":false},"author":1,"featured_media":0,"parent":2,"menu_order":0,"comment_status":"closed","ping_status":"closed","template":"","meta":{"nf_dc_page":"","om_disable_all_campaigns":false,"_monsterinsights_skip_tracking":false,"_monsterinsights_sitenote_active":false,"_monsterinsights_sitenote_note":"","_monsterinsights_sitenote_category":0,"jetpack_post_was_ever_published":false,"footnotes":""},"class_list":["post-744","page","type-page","status-publish","hentry"],"jetpack_sharing_enabled":true,"jetpack_shortlink":"https:\/\/wp.me\/P99gSf-c0","jetpack_likes_enabled":true,"jetpack-related-posts":[],"_links":{"self":[{"href":"https:\/\/history.u-klubi.com\/tiitlivoistlused\/index.php\/wp-json\/wp\/v2\/pages\/744","targetHints":{"allow":["GET"]}}],"collection":[{"href":"https:\/\/history.u-klubi.com\/tiitlivoistlused\/index.php\/wp-json\/wp\/v2\/pages"}],"about":[{"href":"https:\/\/history.u-klubi.com\/tiitlivoistlused\/index.php\/wp-json\/wp\/v2\/types\/page"}],"author":[{"embeddable":true,"href":"https:\/\/history.u-klubi.com\/tiitlivoistlused\/index.php\/wp-json\/wp\/v2\/users\/1"}],"replies":[{"embeddable":true,"href":"https:\/\/history.u-klubi.com\/tiitlivoistlused\/index.php\/wp-json\/wp\/v2\/comments?post=744"}],"version-history":[{"count":5,"href":"https:\/\/history.u-klubi.com\/tiitlivoistlused\/index.php\/wp-json\/wp\/v2\/pages\/744\/revisions"}],"predecessor-version":[{"id":762,"href":"https:\/\/history.u-klubi.com\/tiitlivoistlused\/index.php\/wp-json\/wp\/v2\/pages\/744\/revisions\/762"}],"up":[{"embeddable":true,"href":"https:\/\/history.u-klubi.com\/tiitlivoistlused\/index.php\/wp-json\/wp\/v2\/pages\/2"}],"wp:attachment":[{"href":"https:\/\/history.u-klubi.com\/tiitlivoistlused\/index.php\/wp-json\/wp\/v2\/media?parent=744"}],"curies":[{"name":"wp","href":"https:\/\/api.w.org\/{rel}","templated":true}]}}