{"id":58,"date":"2017-08-10T15:12:01","date_gmt":"2017-08-10T12:12:01","guid":{"rendered":"http:\/\/history.u-klubi.com\/tiitlivoistlused\/?page_id=58"},"modified":"2017-10-03T18:55:46","modified_gmt":"2017-10-03T15:55:46","slug":"2017-tulemused","status":"publish","type":"page","link":"https:\/\/history.u-klubi.com\/tiitlivoistlused\/index.php\/maailma-ja-euroopa-meistrivoistlused\/2017-tulemused\/","title":{"rendered":"2017 tulemused"},"content":{"rendered":"<p>7.-20.08.2017 toimuvad Budapestis 17. FINA Masters maailmameistriv\u00f5istlused veealadel. Eestist on osalejaid avaveeujumisel ja basseiniujumisel, samuti ka veepalli m\u00e4ngimas.<\/p>\n<p>Maailmameistreid ujumises <em>masters<\/em>&#8216;itele selgitatakse v\u00e4lja 14.-20.08.2017.<br \/>\nV\u00f5istlusi peetakse kahes ujulas &#8211; Duna Arenal ja Haj\u00f3s Alfr\u00e9d&#8217;i ujumiskompleksis, ning erinevad vanuseklassid on samaaegselt v\u00f5istlemas neljas basseinis, kusjuures Duna Arenal ujutakse sisebasseinides (sb) ja Haj\u00f3s Alfr\u00e9d&#8217;i ujumiskompleksis v\u00e4libasseinides (vb).<\/p>\n<p>Medaleid ja diplomeid jagatakse kuuele paremale.<\/p>\n<p><strong>MEDALIV\u00d5ITJAID<\/strong><\/p>\n<p>Eino Kirss<\/p>\n<ul style=\"list-style-type: none;\">\n<li style=\"padding-left: 30px;\">400 vabalt &#8211; 7.57,81 (5. koht, osav\u00f5tjaid 7, vb)<\/li>\n<\/ul>\n<p>4&#215;50 teateujumine, kombineeritud, sega, 240-279<br \/>\nMeisterujumise U-klubi 2.23,63 (6. koht, v\u00f5istkondi 24, sb)<\/p>\n<ul style=\"list-style-type: none;\">\n<li style=\"padding-left: 30px;\">VANTSI Merle, selili &#8211; 37,96<\/li>\n<li style=\"padding-left: 30px;\">LUIGE Aksel, rinnuli &#8211; 39,76<\/li>\n<li style=\"padding-left: 30px;\">BATISTSEV Aleksandr, liblikas &#8211; 32,57<\/li>\n<li style=\"padding-left: 30px;\">KULLA Kaia, vabalt &#8211; 33,34<\/li>\n<\/ul>\n<p><strong>TULEMUSED<\/strong><\/p>\n<p>Kaia Kulla (55-59), Meisterujumise U-klubi<\/p>\n<ul style=\"list-style-type: none;\">\n<li style=\"padding-left: 30px;\">50 rinnuli &#8211; 42,41 (11. koht, osav\u00f5tjaid 52, vb)<\/li>\n<li style=\"padding-left: 30px;\">100 rinnuli &#8211; 1.34,81 (12. koht, osav\u00f5tjaid 69, vb)<\/li>\n<li style=\"padding-left: 30px;\">200 rinnuli &#8211; 3.30,22 (9. koht, osav\u00f5tjaid 46, vb)<\/li>\n<\/ul>\n<p>Merle Vantsi (50-54), Meisterujumise U-klubi<\/p>\n<ul style=\"list-style-type: none;\">\n<li style=\"padding-left: 30px;\">50 selili &#8211; 39,01 (20. koht, osav\u00f5tjaid 48, sb)<\/li>\n<li style=\"padding-left: 30px;\">100 selili &#8211; 1.22,80 (21. koht, osav\u00f5tjaid 54, vb)<\/li>\n<li style=\"padding-left: 30px;\">200 selili &#8211; 3.00,51 (17. koht, osav\u00f5tjaid 48, sb)<\/li>\n<\/ul>\n<p>K\u00fclliki Luks (45-49), Meisterujumise U-klubi<\/p>\n<ul style=\"list-style-type: none;\">\n<li style=\"padding-left: 30px;\">50 rinnuli &#8211; 44,67 (40. koht, osav\u00f5tjaid 68, sb)<\/li>\n<\/ul>\n<p>Eili Paap (40-44), Meisterujumise U-klubi<\/p>\n<ul style=\"list-style-type: none;\">\n<li style=\"padding-left: 30px;\">200 selili &#8211; 2.59,10 (18. koht, osav\u00f5tjaid 31, sb)<\/li>\n<\/ul>\n<p>Kristiina Arusoo (35-39), Meisterujumise U-klubi<\/p>\n<ul style=\"list-style-type: none;\">\n<li style=\"padding-left: 30px;\">50 liblikat &#8211; 34,84 (37. koht, osav\u00f5tjaid 58, vb)<\/li>\n<li style=\"padding-left: 30px;\">100 liblikat &#8211; 1.21,91 (31. koht, osav\u00f5tjaid 36, vb)<\/li>\n<li style=\"padding-left: 30px;\">200 liblikat &#8211; 3.09,17 (19. koht, osav\u00f5tjaid 21, sb)<\/li>\n<\/ul>\n<p>Eino Kirss (80-84), Meisterujumise U-klubi<\/p>\n<ul style=\"list-style-type: none;\">\n<li style=\"padding-left: 30px;\">50 vabalt &#8211; 39,96 (10. koht, osav\u00f5tjaid 17, sb)<\/li>\n<li style=\"padding-left: 30px;\">400 vabalt &#8211; 7.57,81 (5.koht, osav\u00f5tjaid 7, vb)<\/li>\n<\/ul>\n<p>Mihkel Virkus (75-79), Meisterujumise U-klubi<\/p>\n<ul style=\"list-style-type: none;\">\n<li style=\"padding-left: 30px;\">100 selili &#8211; 1.51,59 (16. koht, osav\u00f5tjaid 21, sb)<\/li>\n<li style=\"padding-left: 30px;\">200 selili &#8211; 4.02,58 (13. koht, osav\u00f5tjaid 18, vb)<\/li>\n<li style=\"padding-left: 30px;\">100 rinnuli &#8211; 2.10,90 (28. koht, osav\u00f5tjaid 31, vb)<\/li>\n<li style=\"padding-left: 30px;\">200 rinnuli &#8211; DNS (ei startinud, sb)<\/li>\n<li style=\"padding-left: 30px;\">400 vabalt &#8211; NT (aeg \u00fcletas ajalimiiti, vb)<\/li>\n<\/ul>\n<p>Aksel Luige (65-69), Meisterujumise U-klubi<\/p>\n<ul style=\"list-style-type: none;\">\n<li style=\"padding-left: 30px;\">50 rinnuli &#8211; 40.09 (11. koht, osav\u00f5tjaid 39, vb)<\/li>\n<li style=\"padding-left: 30px;\">100 rinnuli &#8211; 1.34,90 (21. koht, osav\u00f5tjaid 44, vb)<\/li>\n<\/ul>\n<p>Lembit Laht (65-69), Meisterujumise U-klubi<\/p>\n<ul style=\"list-style-type: none;\">\n<li style=\"padding-left: 30px;\">200 rinnuli &#8211; 3.40,06 (21. koht, osav\u00f5tjaid 37, sb)<\/li>\n<li style=\"padding-left: 30px;\">200 kompleksi &#8211; 3.25,89 (26. koht, osav\u00f5tjaid 40, sb)<\/li>\n<li style=\"padding-left: 30px;\">400 kompleksi &#8211; 7.24,25 (14. koht, osav\u00f5tjaid 26, vb)<\/li>\n<\/ul>\n<p>Aleksandr Bati\u0161t\u0161ev (60-64), Meisterujumise U-klubi<\/p>\n<ul style=\"list-style-type: none;\">\n<li style=\"padding-left: 30px;\">50 rinnuli &#8211; 37,46 (12. koht, osav\u00f5tjaid 48, vb)<\/li>\n<li style=\"padding-left: 30px;\">100 rinnuli &#8211; 1.25,42 (13. koht, osav\u00f5tjaid 64, vb)<\/li>\n<li style=\"padding-left: 30px;\">200 rinnuli &#8211; 3.10,50 (11. koht, osav\u00f5tjaid 46, vb)<\/li>\n<li style=\"padding-left: 30px;\">50 liblikat &#8211; 32,68 (22. koht, osav\u00f5tjaid 55, sb)<\/li>\n<\/ul>\n<p>Peep Kesk\u00fcla (60-64), Meisterujumise U-klubi<\/p>\n<ul style=\"list-style-type: none;\">\n<li style=\"padding-left: 30px;\">100 rinnuli &#8211; 1.28,25 (20. koht, osav\u00f5tjaid 64, vb)<\/li>\n<li style=\"padding-left: 30px;\">50 liblikat &#8211; 33,87 (31. koht, osav\u00f5tjaid 55, vb)<\/li>\n<li style=\"padding-left: 30px;\">100 liblikat &#8211; 1.21,45 (18. koht, osav\u00f5tjaid 35, sb)<\/li>\n<li style=\"padding-left: 30px;\">200 liblikat &#8211; 3.17,56 (10. koht, osav\u00f5tjaid 21, vb)<\/li>\n<li style=\"padding-left: 30px;\">50 selili &#8211; 38,68 (19. koht, osav\u00f5tjaid 30, sb)<\/li>\n<\/ul>\n<p>Ossi ALbin Vallemaa (60-64), Meisterujumise U-klubi<\/p>\n<ul style=\"list-style-type: none;\">\n<li style=\"padding-left: 30px;\">50 rinnuli &#8211; 42,63 (34. koht, osav\u00f5tjaid 48, vb)<\/li>\n<li style=\"padding-left: 30px;\">100 rinnuli &#8211; 1.40,49 (49. koht, osav\u00f5tjaid 64, vb)<\/li>\n<li style=\"padding-left: 30px;\">200 rinnuli &#8211; NT (aeg \u00fcletas ajalimiiti, vb)<\/li>\n<\/ul>\n<p>Aleksandr Kr\u00f5lov (55-59), Meisterujumise U-klubi<\/p>\n<ul style=\"list-style-type: none;\">\n<li style=\"padding-left: 30px;\">50 vabalt &#8211; 28,93 (25. koht, osav\u00f5tjaid 109, sb)<\/li>\n<li style=\"padding-left: 30px;\">100 vabalt &#8211; 1.03,59 (18. koht, osav\u00f5tjaid 83, vb)<\/li>\n<li style=\"padding-left: 30px;\">200 vabalt &#8211; DNS (ei startinud, sb)<\/li>\n<\/ul>\n<p>Jukka Laikari (55-59), Meisterujumise U-klubi<\/p>\n<ul style=\"list-style-type: none;\">\n<li style=\"padding-left: 30px;\">200 vabalt &#8211; 2.42,46 (51. koht, osav\u00f5tjaid 67, sb)<\/li>\n<li style=\"padding-left: 30px;\">400 vabalt &#8211; DSQ (ei l\u00f5petanud, vb)<\/li>\n<\/ul>\n<p>Roman Tsalov (50-54), Meisterujumise U-klubi<\/p>\n<ul style=\"list-style-type: none;\">\n<li style=\"padding-left: 30px;\">50 rinnuli &#8211; 37,38 (57. koht, osav\u00f5tjaid 126, sb)<\/li>\n<li style=\"padding-left: 30px;\">100 rinnuli &#8211; 1.24,12, (47. koht, osav\u00f5tjaid 105, sb)<\/li>\n<li style=\"padding-left: 30px;\">200 rinnuli &#8211; 3.00,23 (18. koht, osav\u00f5tjaid 50, vb)<\/li>\n<\/ul>\n<p>Erkki Susi (45-49), Meisterujumise U-klubi<\/p>\n<ul style=\"list-style-type: none;\">\n<li style=\"padding-left: 30px;\">200 kompleksi &#8211; 2.39,46 (37. koht, osav\u00f5tjaid 70, vb)<\/li>\n<li style=\"padding-left: 30px;\">50 selili &#8211; 32,27 (13. koht, osav\u00f5tjaid 41, sb)<\/li>\n<li style=\"padding-left: 30px;\">100 selili &#8211; 1.09,99 (11. koht, osav\u00f5tjaid 42, vb)<\/li>\n<\/ul>\n<p>Aleksei Kargin (45-49), Meisterujumise U-klubi<\/p>\n<ul style=\"list-style-type: none;\">\n<li style=\"padding-left: 30px;\">100 liblikat &#8211; DNS (ei startinud)<\/li>\n<li style=\"padding-left: 30px;\">50 selili &#8211; DNS (ei startinud)<\/li>\n<\/ul>\n<p>Bruno Nopponen (40-44), Viimsi Veeklubi<\/p>\n<ul style=\"list-style-type: none;\">\n<li style=\"padding-left: 30px;\">50 selili &#8211; 30.95 (12. koht, osav\u00f5tjaid 54, sb)<\/li>\n<li style=\"padding-left: 30px;\">100 selili &#8211; 1.06,79 (10. koht, osav\u00f5tjaid 53, vb)<\/li>\n<li style=\"padding-left: 30px;\">200 selili &#8211; 2.27,63 (9. koht, osav\u00f5tjaid 38, sb)<\/li>\n<\/ul>\n<p>Maksim Ivanov (30-34), Meisterujumise U-klubi<\/p>\n<ul style=\"list-style-type: none;\">\n<li style=\"padding-left: 30px;\">50 rinnuli &#8211; 30,18 (8. koht, osav\u00f5tjaid 88, sb)<\/li>\n<li style=\"padding-left: 30px;\">100 rinnuli &#8211; 1.09,03 (12. koht, osav\u00f5tjaid 78, sb)<\/li>\n<li style=\"padding-left: 30px;\">200 rinnuli &#8211; 2.36,94 (15. koht, osav\u00f5tjaid 49, sb)<\/li>\n<li style=\"padding-left: 30px;\">200 kompleksi &#8211; 2.22,631 (21. koht, osav\u00f5tjaid 59, vb)<\/li>\n<\/ul>\n<p>Alder Harkmann (30-34), Meisterujumise U-klubi<\/p>\n<ul style=\"list-style-type: none;\">\n<li style=\"padding-left: 30px;\">50 liblikat &#8211; 27,63 (38. koht, osav\u00f5tjaid 125, vb)<\/li>\n<li style=\"padding-left: 30px;\">100 liblikat &#8211; 1.02,37 (25. koht, osav\u00f5tjaid 67, vb)<\/li>\n<\/ul>\n<p>4&#215;50 teateujumine, kombineeritud, mehed, 280-319<br \/>\nMeisterujumise U-klubi 2.34,49 (8. koht, v\u00f5istkondi 17, sb)<\/p>\n<ul style=\"list-style-type: none;\">\n<li style=\"padding-left: 30px;\">LAHT Lembit, selili &#8211; 43,17<\/li>\n<li style=\"padding-left: 30px;\">LUIGE Aksel, rinnuli &#8211; 40,11<\/li>\n<li style=\"padding-left: 30px;\">BATISTSEV Aleksandr, liblikas &#8211; 32,36<\/li>\n<li style=\"padding-left: 30px;\">KIRSS Eino, vabalt &#8211; 38,85<\/li>\n<\/ul>\n<p>K\u00f5ik <a href=\"http:\/\/mastersbudapest2017.microplustiming.com\/swimming\/index_web.php?s=TG9hZENhbGVuZGFyaW8oJzAnKTs=&amp;cat=MAS&amp;page=108&amp;spec=005&amp;bat=001&amp;td=SUM&amp;hg=&amp;descIT=MjAwIG0gRG9yc28gTQ==&amp;descEN=MjAwIG0gQmFja3N0cm9rZSBNZW4=&amp;descFR=MjAwIG0gRG9z&amp;curCatSel_M_F=\" target=\"_blank\" rel=\"noopener\">tulemused<\/a><\/p>\n<p>[ngg_images source=&#8221;galleries&#8221; container_ids=&#8221;1&#8243; display_type=&#8221;photocrati-nextgen_basic_slideshow&#8221; gallery_width=&#8221;600&#8243; gallery_height=&#8221;400&#8243; cycle_effect=&#8221;fade&#8221; cycle_interval=&#8221;10&#8243; show_thumbnail_link=&#8221;1&#8243; thumbnail_link_text=&#8221;[Show thumbnails]&#8221; order_by=&#8221;sortorder&#8221; order_direction=&#8221;ASC&#8221; returns=&#8221;included&#8221; maximum_entity_count=&#8221;500&#8243;]<\/p>\n","protected":false},"excerpt":{"rendered":"<p>7.-20.08.2017 toimuvad Budapestis 17. FINA Masters maailmameistriv\u00f5istlused veealadel. Eestist on osalejaid avaveeujumisel ja basseiniujumisel, samuti ka veepalli m\u00e4ngimas. Maailmameistreid ujumises masters&#8216;itele selgitatakse v\u00e4lja 14.-20.08.2017. V\u00f5istlusi peetakse kahes ujulas &#8211; Duna Arenal ja Haj\u00f3s Alfr\u00e9d&#8217;i ujumiskompleksis, ning erinevad vanuseklassid on samaaegselt v\u00f5istlemas neljas basseinis, kusjuures Duna Arenal ujutakse sisebasseinides (sb) ja Haj\u00f3s Alfr\u00e9d&#8217;i ujumiskompleksis v\u00e4libasseinides (vb). &hellip; <a href=\"https:\/\/history.u-klubi.com\/tiitlivoistlused\/index.php\/maailma-ja-euroopa-meistrivoistlused\/2017-tulemused\/\" class=\"more-link\">Loe edasi<span class=\"screen-reader-text\"> &#8220;2017 tulemused&#8221;<\/span><\/a><\/p>\n","protected":false},"author":1,"featured_media":0,"parent":2,"menu_order":1,"comment_status":"closed","ping_status":"closed","template":"","meta":{"nf_dc_page":"","om_disable_all_campaigns":false,"_monsterinsights_skip_tracking":false,"_monsterinsights_sitenote_active":false,"_monsterinsights_sitenote_note":"","_monsterinsights_sitenote_category":0,"jetpack_post_was_ever_published":false,"footnotes":""},"class_list":["post-58","page","type-page","status-publish","hentry"],"jetpack_sharing_enabled":true,"jetpack_shortlink":"https:\/\/wp.me\/P99gSf-W","jetpack_likes_enabled":true,"jetpack-related-posts":[],"_links":{"self":[{"href":"https:\/\/history.u-klubi.com\/tiitlivoistlused\/index.php\/wp-json\/wp\/v2\/pages\/58","targetHints":{"allow":["GET"]}}],"collection":[{"href":"https:\/\/history.u-klubi.com\/tiitlivoistlused\/index.php\/wp-json\/wp\/v2\/pages"}],"about":[{"href":"https:\/\/history.u-klubi.com\/tiitlivoistlused\/index.php\/wp-json\/wp\/v2\/types\/page"}],"author":[{"embeddable":true,"href":"https:\/\/history.u-klubi.com\/tiitlivoistlused\/index.php\/wp-json\/wp\/v2\/users\/1"}],"replies":[{"embeddable":true,"href":"https:\/\/history.u-klubi.com\/tiitlivoistlused\/index.php\/wp-json\/wp\/v2\/comments?post=58"}],"version-history":[{"count":13,"href":"https:\/\/history.u-klubi.com\/tiitlivoistlused\/index.php\/wp-json\/wp\/v2\/pages\/58\/revisions"}],"predecessor-version":[{"id":270,"href":"https:\/\/history.u-klubi.com\/tiitlivoistlused\/index.php\/wp-json\/wp\/v2\/pages\/58\/revisions\/270"}],"up":[{"embeddable":true,"href":"https:\/\/history.u-klubi.com\/tiitlivoistlused\/index.php\/wp-json\/wp\/v2\/pages\/2"}],"wp:attachment":[{"href":"https:\/\/history.u-klubi.com\/tiitlivoistlused\/index.php\/wp-json\/wp\/v2\/media?parent=58"}],"curies":[{"name":"wp","href":"https:\/\/api.w.org\/{rel}","templated":true}]}}