{"id":37,"date":"2017-08-10T09:41:27","date_gmt":"2017-08-10T06:41:27","guid":{"rendered":"http:\/\/history.u-klubi.com\/tiitlivoistlused\/?page_id=37"},"modified":"2017-09-05T20:07:43","modified_gmt":"2017-09-05T17:07:43","slug":"2016-tulemused","status":"publish","type":"page","link":"https:\/\/history.u-klubi.com\/tiitlivoistlused\/index.php\/maailma-ja-euroopa-meistrivoistlused\/2016-tulemused\/","title":{"rendered":"2016 tulemused"},"content":{"rendered":"<p>25.-29. maini meisterujumise XV EM-il Londonis (Suurbritannia) osales Eestist 14 ujujat, neist 11 oli meisterujumise U-klubist. V\u00f5istlus toimus kuninganna Elisabethi nimelises Ol\u00fcmpia pargis asuvas ujumiskeskuse 50 m siseujulas, kus toimusid ka 2012. aastal Ol\u00fcmpiam\u00e4ngud. <\/p>\n<p>Seekordsed v\u00f5istlused olid oma osalejate arvu poolest \u00fched suurimad. Osalejaid oli 40-st riigist kokku 9190 (<a href=\"http:\/\/les-artisans-cartographes.fr\/arena-european-masters-championships\/\" target=\"_blank\">http:\/\/les-artisans-cartographes.fr\/arena-european-masters-championships\/<\/a>). <\/p>\n<p>Esimeste p\u00e4evade organiseerimatus p\u00e4\u00e4dis sellega, et mitmed ujujad ei j\u00f5udnud oma stardiajaks startigi (<a href=\"https:\/\/www.facebook.com\/Meisterujumise-U-klubi-246733842073308\/\" target=\"_blank\">https:\/\/www.facebook.com\/Meisterujumise-U-klubi-246733842073308\/<\/a>, <a href=\"https:\/\/europeanmastersswimmingchampionships2016.wordpress.com\/2016\/05\/31\/open-letter-to-david-sparkes\/\" target=\"_blank\">https:\/\/europeanmastersswimmingchampionships2016.wordpress.com\/2016\/05\/31\/open-letter-to-david-sparkes\/<\/a>). Nii juhtus ka meie Aksliga, kes 50 m rinnuliujumise seet\u00f5ttu starti ei j\u00f5udnudki.<\/p>\n<p>Kuna ujujaid oli palju, siis v\u00f5istlusi peeti nii v\u00f5istlusujulas kui ka treeningujulas ja v\u00f5is juhtuda, et iga\u00fcks \u201e\u00f5igesse\u201c basseini v\u00f5istlema ei p\u00e4\u00e4senudki. \u00dcks hiilgas oma avaruse ja valgusega, teine aga h\u00e4maruse ja kitsusega (<a href=\"http:\/\/u-klubi.com\/pildigalerii.php?view=thumbnailList&#038;category=49\" target=\"_blank\">http:\/\/u-klubi.com\/pildigalerii.php?view=thumbnailList&#038;category=49<\/a>). <\/p>\n<p>V\u00f5istlustelt naasis parima ja ainsa medalikohaga <strong>Aleksandr Bati\u0161t\u0161ev<\/strong>, kes tuli III kohale 200 rinnuliujumises ajaga 3.02,21.<\/p>\n<p>Kuuenda koha ujusid v\u00e4lja Kaia Kulla (200 rin &#8211; 3.25,12), Aleksandr (100 rin &#8211; 1.22,24) ja kaks kuuendat kohta Bruno Nopponen (100 sel &#8211; 1.06,03 ja 200 sel &#8211; 2.23,78).<\/p>\n<p>Diplomeid jagati k\u00fcmnele esimesele paremale, seega said endale m\u00e4lestuseks diplomi veel Kaia (100 rin &#8211; 7. koht), Bruno (50 sel &#8211; 7. koht), Mihkel Virkus (200 sel &#8211; 7. koht; 400 vab &#8211; 8. koht; 100 sel &#8211; 10. koht), Aleksandr (50 rin &#8211; 8. koht) ja Aksel Luige (100 rin &#8211; 10. koht).<br \/>\n<!--more--><\/p>\n<p><strong>MEDALID<\/strong><\/p>\n<p>Aleksandr Bati\u0161t\u0161ev (60-64), meisterujumise U-klubi<\/p>\n<ul>\n200 m rinnuli \u2013 3.02,21 (3. koht), osav\u00f5tjaid 35<\/ul>\n<p><strong>TULEMUSED<\/strong><\/p>\n<p>Kaia Kulla (55-59 a), meisterujumise U-klubi<\/p>\n<ul>\n50 m rinnuli \u2013 42,97 (14. koht), osav\u00f5tjaid 65<br \/>\n\t100 m rinnuli \u2013 1.33,68 (7. koht), osav\u00f5tjaid 56<br \/>\n \t200 m rinnuli \u2013 3.25,12 (6. koht), osav\u00f5tjaid 39<\/ul>\n<p>Merle Liivand (25-29), TOP <\/p>\n<ul>\n800 m vab \u2013 10.28,76 (23. koht), osav\u00f5tjaid 66<br \/>\n\t50 m rinnuli \u2013 35,71 (17. koht), osav\u00f5tjaid 81<br \/>\n\t200 m rinnuli \u2013 2.56,45 (19. koht), osav\u00f5tjaid 60<\/ul>\n<p>Mihkel Virkus (75-79), meisterujumise U-klubi<\/p>\n<ul>\n100 m selili \u2013 1.55,26 (10. koht), osav\u00f5tjaid 12<br \/>\n \t200 m selili \u2013 4.08,96 (7. koht), osav\u00f5tjaid 9<br \/>\n\t400 m vabalt \u2013 8.24,08 (8. koht), osav\u00f5tjaid 9<\/ul>\n<p>Eino Kirss (75-79), meisterujumise U-klubi<\/p>\n<ul>\n50 m vabalt \u2013 39,27 (11. koht), osav\u00f5tjaid 17<\/ul>\n<p>Aksel Luige (65-69), meisterujumise U-klubi<\/p>\n<ul>\n50 m rinnuli \u2013 DNS (ei startinud)<br \/>\n100 m rinnuli \u2013 1.32,82 (10. koht), osav\u00f5tjaid 34<\/ul>\n<p>Aleksandr Bati\u0161t\u0161ev (60-64), meisterujumise U-klubi<\/p>\n<ul>\n50 m rinnuli \u2013 36,41 (8. koht), osav\u00f5tjaid 142<br \/>\n100 m rinnuli \u2013 1.22,24 (6. koht), osav\u00f5tjaid 59<\/ul>\n<p>Ossi Vallemaa (60-64), meisterujumise U-klubi<\/p>\n<ul>\n50 m rinnuli \u2013 41,73 (31. koht), osav\u00f5tjaid 142<br \/>\n100 m rinnuli \u2013 1.36,52 (32. koht), osav\u00f5tjaid 59<br \/>\n200 m rinnuli \u2013 3.42,99 (25. koht), osav\u00f5tjaid 35<\/ul>\n<p>Roman T\u0161alov (50-54), meisterujumise U-klubi<\/p>\n<ul>\n50 m rinnuli \u2013 36,23 (50. koht), osav\u00f5tjaid 142<br \/>\n100 m rinnuli \u2013 1.20,58 (36. koht), osav\u00f5tjaid 59<br \/>\n200 m rinnuli \u2013 2.59,85 (30. koht), osav\u00f5tjaid 88<\/ul>\n<p>Aleksandr Kr\u00f5lov (50-54), meisterujumise U-klubi<\/p>\n<ul>\n50 m vabalt \u2013 28,62 (54. koht), osav\u00f5tjaid 225<br \/>\n100 m vabalt \u2013 1.02,32 (31. koht), osav\u00f5tjaid 245<br \/>\n200 m vabalt \u2013 2.22,50 (39. koht), osav\u00f5tjaid 121<\/ul>\n<p>Erkki Susi (45-49), meisterujumise U-klubi<\/p>\n<ul>\n50 m selili \u2013 31,70 (19. koht), osav\u00f5tjaid 84<br \/>\n100 m selili \u2013 1.11.44 (18. koht), osav\u00f5tjaid 44<br \/>\n200 m selili \u2013 2.40,21 (24. koht), osav\u00f5tjaid 51<\/ul>\n<p>Kaupo Meier (45-49), meisterujumise U-klubi<\/p>\n<ul>\n50 m rinnuli \u2013 35,20 (41. koht), osav\u00f5tjaid 167<\/ul>\n<p>Bruno Nopponen (40-44), Viimsi Veeklubi<\/p>\n<ul>\n50 m selili \u2013 29,76 (7. koht), osav\u00f5tjaid 68<br \/>\n100 m selili \u2013 1.06,03 (6. koht), osav\u00f5tjaid<br \/>\n200 m selili \u2013 2.23,78 (6. koht), osav\u00f5tjaid 39<\/ul>\n<p>Romet Tepper (35-39), Viimsi Veeklubi<\/p>\n<ul>\n200 m vabalt- 2.13,96 (23. koht), osav\u00f5tjaid 72<br \/>\n400 m vabalt \u2013 4.46,69 (21. koht), osav\u00f5tjaid 68<br \/>\n800 m vabalt \u2013 9.56,69 (21. koht), osav\u00f5tjaid 47<\/ul>\n<p>Alder Harkmann (30-34), meisterujumise U-klubi<\/p>\n<ul>\n50 m delfiini \u2013 DNS (ei startinud)<br \/>\n100 m delfiini \u2013 1.02,05 (15. koht), osav\u00f5tjaid 80<br \/>\n200 m kompleksi \u2013 DSQ (diskvalifitseeritud)<\/ul>\n<p>K\u00f5ik <strong><a href=\"http:\/\/london2016.microplustiming.com\/Masters\/indexLondonMasters2016SW_web.php?s=TG9hZFJlcG9ydFBERih0cnVlKTs=&#038;cat=&#038;page=&#038;spec=&#038;bat=&#038;td=CAL_CIS_DAY&#038;hg=&#038;descIT=&#038;descEN=&#038;descFR=&#038;curCatSel_M_F=&#038;sport=Swimming\" target=\"_blank\">tulemused<\/a><\/strong><\/p>\n","protected":false},"excerpt":{"rendered":"<p>25.-29. maini meisterujumise XV EM-il Londonis (Suurbritannia) osales Eestist 14 ujujat, neist 11 oli meisterujumise U-klubist. V\u00f5istlus toimus kuninganna Elisabethi nimelises Ol\u00fcmpia pargis asuvas ujumiskeskuse 50 m siseujulas, kus toimusid ka 2012. aastal Ol\u00fcmpiam\u00e4ngud. Seekordsed v\u00f5istlused olid oma osalejate arvu poolest \u00fched suurimad. Osalejaid oli 40-st riigist kokku 9190 (http:\/\/les-artisans-cartographes.fr\/arena-european-masters-championships\/). Esimeste p\u00e4evade organiseerimatus p\u00e4\u00e4dis sellega, &hellip; <a href=\"https:\/\/history.u-klubi.com\/tiitlivoistlused\/index.php\/maailma-ja-euroopa-meistrivoistlused\/2016-tulemused\/\" class=\"more-link\">Loe edasi<span class=\"screen-reader-text\"> &#8220;2016 tulemused&#8221;<\/span><\/a><\/p>\n","protected":false},"author":1,"featured_media":0,"parent":2,"menu_order":2,"comment_status":"closed","ping_status":"closed","template":"","meta":{"nf_dc_page":"","om_disable_all_campaigns":false,"_monsterinsights_skip_tracking":false,"_monsterinsights_sitenote_active":false,"_monsterinsights_sitenote_note":"","_monsterinsights_sitenote_category":0,"jetpack_post_was_ever_published":false,"footnotes":""},"class_list":["post-37","page","type-page","status-publish","hentry"],"jetpack_sharing_enabled":true,"jetpack_shortlink":"https:\/\/wp.me\/P99gSf-B","jetpack_likes_enabled":true,"jetpack-related-posts":[],"_links":{"self":[{"href":"https:\/\/history.u-klubi.com\/tiitlivoistlused\/index.php\/wp-json\/wp\/v2\/pages\/37","targetHints":{"allow":["GET"]}}],"collection":[{"href":"https:\/\/history.u-klubi.com\/tiitlivoistlused\/index.php\/wp-json\/wp\/v2\/pages"}],"about":[{"href":"https:\/\/history.u-klubi.com\/tiitlivoistlused\/index.php\/wp-json\/wp\/v2\/types\/page"}],"author":[{"embeddable":true,"href":"https:\/\/history.u-klubi.com\/tiitlivoistlused\/index.php\/wp-json\/wp\/v2\/users\/1"}],"replies":[{"embeddable":true,"href":"https:\/\/history.u-klubi.com\/tiitlivoistlused\/index.php\/wp-json\/wp\/v2\/comments?post=37"}],"version-history":[{"count":9,"href":"https:\/\/history.u-klubi.com\/tiitlivoistlused\/index.php\/wp-json\/wp\/v2\/pages\/37\/revisions"}],"predecessor-version":[{"id":57,"href":"https:\/\/history.u-klubi.com\/tiitlivoistlused\/index.php\/wp-json\/wp\/v2\/pages\/37\/revisions\/57"}],"up":[{"embeddable":true,"href":"https:\/\/history.u-klubi.com\/tiitlivoistlused\/index.php\/wp-json\/wp\/v2\/pages\/2"}],"wp:attachment":[{"href":"https:\/\/history.u-klubi.com\/tiitlivoistlused\/index.php\/wp-json\/wp\/v2\/media?parent=37"}],"curies":[{"name":"wp","href":"https:\/\/api.w.org\/{rel}","templated":true}]}}