{"id":2,"date":"2017-06-08T20:42:17","date_gmt":"2017-06-08T17:42:17","guid":{"rendered":"http:\/\/history.u-klubi.com\/tiitlivoistlused\/?page_id=2"},"modified":"2025-11-04T10:24:20","modified_gmt":"2025-11-04T07:24:20","slug":"maailma-ja-euroopa-meistrivoistlused","status":"publish","type":"page","link":"https:\/\/history.u-klubi.com\/tiitlivoistlused\/index.php\/maailma-ja-euroopa-meistrivoistlused\/","title":{"rendered":"Meisterujumise maailma- ja Euroopa meistriv\u00f5istlused"},"content":{"rendered":"<h2>Meisterujumise maailmameistriv\u00f5istlused<\/h2>\n<p>1. 12.-16. juulini 1986. aastal Tokyos (Jaapan), 3400 osav\u00f5tjat 19 riigist.<\/p>\n<p>2. 9.-16. oktoobrini 1988. aastal Brisbanes (Austraalia), 3800 osav\u00f5tjat 26 riigist.<\/p>\n<p>3. 6.-13. augustini 1990. aastal Rio de Janeiros (Brasiilia), 1743 osav\u00f5tjat 34 riigist.<\/p>\n<p>4. 25. juunist \u2013 5. juulini 1992. aastal Indianapolises (USA), 3256 osav\u00f5tjat 37 riigist.<\/p>\n<p>5. 4.-10. juulini 1994. aastal Montrealis (Kanada), 1976. a ol\u00fcmpiaujulas v\u00f5istles 3897 osav\u00f5tjat 41 riigist.<\/p>\n<p>6. 22.-28. juunini 1996. aastal Sheffieldis (Suurbritannia), 4555 osav\u00f5tjat 46 riigist.<\/p>\n<p>7. 21.-29. juunini 1998. aastal Casablancas (Maroko), 2350 osav\u00f5tjat 49 riigist.<\/p>\n<p>8. 28. juulist \u2013 5. augustini 2000. aastal M\u00fcnchenis (Saksamaa), 1972. a ol\u00fcmpiaujulas v\u00f5istles 7400 osav\u00f5tjat 66 riigist.<\/p>\n<p>9. 24.-31. m\u00e4rtsini 2002. aastal Christchurshis (Uus-Meremaa) 2770 osav\u00f5tjat 51 riigist.<\/p>\n<p>10. 2.-13. juunini 2004. aastal Ricciones (Itaalia), 8130 osav\u00f5tjat 68 riigist.<\/p>\n<p>11. 4.-11. augustini 2006. aastal San Franciscos (USA), 7300 osav\u00f5tjat 75 riigist.<\/p>\n<p>12. 17.-25. aprillini 2008. aastal Perthis (Austraalia).<\/p>\n<p>13. 27. juulist \u2013 8. augustini 2010. aastal G\u00f6teborgis (Rootsi), 6750 osav\u00f5tjat 74 riigist.<\/p>\n<p>14. 3. juunist \u2013 17. juunini 2012 Ricciones (Itaalia) osales ligi 10000 ujujat, 1400 veepallurit, 580 kujundujujat ja 270 vetteh\u00fcppajat, 76 riigist.<\/p>\n<p>15. 3.-10. augustini 2014 Montrealis (Kanada)<\/p>\n<p>16. 10.-16. augustini 2015 Kaasanis (Venemaa)<\/p>\n<p>17. 7.-20. augustini 2017 Budapestis (Ungari), osales \u00fcle 5000 ujuja (18000 starti), 1100 avaveeujujat 87 riigist.<\/p>\n<p>18. 5.-18. august 2019 Gwangju&#8217;s (L\u00f5una-Korea), osales ligi 4000 sportlast viiel distsipliinil.<\/p>\n<p>19. 2.-11. august 2023 Fukuokas, Kyushu saarel Jaapanis.<\/p>\n<h2>Meisterujumise Euroopa meistriv\u00f5istlused<\/h2>\n<p>1. 16.-20. septembrini 1987. aastal Blackpoolis (Suurbritannia) osav\u00f5tjaid 16 riigist.<\/p>\n<p>2. 31. augustist \u2013 3. septembrini 1989. aastal Turus (Soome), 540 osav\u00f5tjat 19 riigist.<\/p>\n<p>3. 5.-8. septembrini 1991. aastal Coventry\u2019s (Suurbritannia), 1150 osav\u00f5tjat 19 riigist.<\/p>\n<p>4. 9.-12. septembrini 1993. aastal Sindelfingenis (Saksamaa), 2600 osav\u00f5tjat 27 riigist.<\/p>\n<p>5. 6.-10. septembrini 1995. aastal Ricciones (Itaalia), 2654 osav\u00f5tjat 28 riigist.<\/p>\n<p>6. 3.-7. septembrini 1997. aastal Prahas (T\u0161ehhi), 3256 osav\u00f5tjat 31 riigist.<\/p>\n<p>7. 25.-29. augustini 1999 aastal Innsbruckis (Austria), 3600 osav\u00f5tjat 30 riigist.<\/p>\n<p>8. 3.-8. juulini 2001. aastal Palma de Mallorcal (Hispaania), 3800 osav\u00f5tjat 31 riigist.<\/p>\n<p>9. 26.-31. augustil 2003. aastal Millau\u2019s (Prantsusmaa), 3000 osav\u00f5tjat 33 riigist.<\/p>\n<p>10. 16.-21. augustini 2005. aastal Stockholmis (Rootsi), 3000 osav\u00f5tjat 33 riigist.<\/p>\n<p>11. 27. augustist \u2013 2. septembrini 2007. aastal Kranj\u2019is ja Bledis (Sloveenia), 3590 osav\u00f5tjat 33 riigist.<\/p>\n<p>12. 15.-19. septembrini 2009. aastal Cadizis (Hispaania), 4049 osav\u00f5tjat 34 riigist.<\/p>\n<p>13. 5.-10. septembrini 2011. aastal Jaltas (Ukraina), 1667 osav\u00f5tjat 37 riigist.<\/p>\n<p>14. 1.-7. septembrini 2013. aastal Eindhovenis (Holland) 4358 osav\u00f5tjat 37 riigist.<\/p>\n<p>15. 25.-29. maini 2016. aastal Londonis (Suurbritannia) 9190 osav\u00f5tjat 40 riigist.<\/p>\n<p>16. 02.-07.09.2018 Kranj (Sloveenia), 2793 osav\u00f5tjat 40 riigist<\/p>\n<p>17. 28.08.-04.09.2022 Rooma (Itaalia), 1500 osav\u00f5tjat 50 riigist<\/p>\n<p>18. 26.06.-3.07.2024\u00a0 Belgrad (Serbia)<\/p>\n","protected":false},"excerpt":{"rendered":"<p>Meisterujumise maailmameistriv\u00f5istlused 1. 12.-16. juulini 1986. aastal Tokyos (Jaapan), 3400 osav\u00f5tjat 19 riigist. 2. 9.-16. oktoobrini 1988. aastal Brisbanes (Austraalia), 3800 osav\u00f5tjat 26 riigist. 3. 6.-13. augustini 1990. aastal Rio de Janeiros (Brasiilia), 1743 osav\u00f5tjat 34 riigist. 4. 25. juunist \u2013 5. juulini 1992. aastal Indianapolises (USA), 3256 osav\u00f5tjat 37 riigist. 5. 4.-10. juulini 1994. &hellip; <a href=\"https:\/\/history.u-klubi.com\/tiitlivoistlused\/index.php\/maailma-ja-euroopa-meistrivoistlused\/\" class=\"more-link\">Loe edasi<span class=\"screen-reader-text\"> &#8220;Meisterujumise maailma- ja Euroopa meistriv\u00f5istlused&#8221;<\/span><\/a><\/p>\n","protected":false},"author":1,"featured_media":0,"parent":0,"menu_order":2,"comment_status":"closed","ping_status":"closed","template":"","meta":{"nf_dc_page":"","om_disable_all_campaigns":false,"_monsterinsights_skip_tracking":false,"_monsterinsights_sitenote_active":false,"_monsterinsights_sitenote_note":"","_monsterinsights_sitenote_category":0,"jetpack_post_was_ever_published":false,"footnotes":""},"class_list":["post-2","page","type-page","status-publish","hentry"],"jetpack_sharing_enabled":true,"jetpack_shortlink":"https:\/\/wp.me\/P99gSf-2","jetpack_likes_enabled":true,"jetpack-related-posts":[],"_links":{"self":[{"href":"https:\/\/history.u-klubi.com\/tiitlivoistlused\/index.php\/wp-json\/wp\/v2\/pages\/2","targetHints":{"allow":["GET"]}}],"collection":[{"href":"https:\/\/history.u-klubi.com\/tiitlivoistlused\/index.php\/wp-json\/wp\/v2\/pages"}],"about":[{"href":"https:\/\/history.u-klubi.com\/tiitlivoistlused\/index.php\/wp-json\/wp\/v2\/types\/page"}],"author":[{"embeddable":true,"href":"https:\/\/history.u-klubi.com\/tiitlivoistlused\/index.php\/wp-json\/wp\/v2\/users\/1"}],"replies":[{"embeddable":true,"href":"https:\/\/history.u-klubi.com\/tiitlivoistlused\/index.php\/wp-json\/wp\/v2\/comments?post=2"}],"version-history":[{"count":5,"href":"https:\/\/history.u-klubi.com\/tiitlivoistlused\/index.php\/wp-json\/wp\/v2\/pages\/2\/revisions"}],"predecessor-version":[{"id":751,"href":"https:\/\/history.u-klubi.com\/tiitlivoistlused\/index.php\/wp-json\/wp\/v2\/pages\/2\/revisions\/751"}],"wp:attachment":[{"href":"https:\/\/history.u-klubi.com\/tiitlivoistlused\/index.php\/wp-json\/wp\/v2\/media?parent=2"}],"curies":[{"name":"wp","href":"https:\/\/api.w.org\/{rel}","templated":true}]}}